1?
-1421016
In base 15, what is -4db026 - 4?
-4db02a
In base 6, what is 411552 + 13202?
425154
In base 9, what is -6410331 - -2?
-6410328
In base 5, what is 13300433 + -120?
13300313
In base 4, what is -1031 - -33130200132?
33130133101
In base 15, what is -19 + -95b9ea?
-95ba14
In base 15, what is a4 + -120253?
-12019e
In base 10, what is -47 + -10011?
-10058
In base 11, what is 7 + 1965514?
1965520
In base 3, what is -112210201222212 - -10102?
-112210201212110
In base 2, what is -101000010100011011 - -101?
-101000010100010110
In base 4, what is 303001333 + 303223?
303311222
In base 8, what is -1052264 + 122?
-1052142
In base 9, what is 433363154 + -3?
433363151
In base 9, what is -5 - -8473843?
8473837
In base 14, what is -5 + -da300a1?
-da300a6
In base 11, what is -2a62aa + -425?
-2a6724
In base 15, what is 7d54a + -2?
7d548
In base 16, what is -5 - -206b8d?
206b88
In base 3, what is 11 - -1200121212201001?
1200121212201012
In base 5, what is -443 - 1430300024?
-1430301022
In base 12, what is -2bb52639 - -5?
-2bb52634
In base 2, what is 10 + -1001000101010011001010011100?
-1001000101010011001010011010
In base 12, what is -6b942 + b9?
-6b845
In base 3, what is 100 - -101102000121?
101102000221
In base 2, what is 1000 - -101110110011100100000000?
101110110011100100001000
In base 12, what is -1a2a3a + -b?
-1a2a49
In base 12, what is -1b643077 + 1?
-1b643076
In base 3, what is 22 + -10110020100222?
-10110020100200
In base 16, what is -9 - 35fbb?
-35fc4
In base 9, what is -6 + -205705?
-205712
In base 7, what is -5 - 104202564?
-104202602
In base 2, what is -10001110011100110100001 + 0?
-10001110011100110100001
In base 11, what is 183 + 2a6?
479
In base 9, what is -144 + -2874781?
-2875035
In base 7, what is -13 - 15642525?
-15642541
In base 15, what is -6 - da0c688?
-da0c68e
In base 7, what is -222 - 20062?
-20314
In base 9, what is -5 - -167342223?
167342217
In base 2, what is -10010010001000 + 10011101001?
-1111110011111
In base 6, what is 110 - 43404112?
-43404002
In base 9, what is 3514 + -28828?
-25314
In base 3, what is 122100202 + 2002000?
201102202
In base 2, what is -1000 - 11000001011101100101?
-11000001011101101101
In base 7, what is 1111010 - 164?
1110513
In base 4, what is -1032 + -21020332312?
-21021000010
In base 2, what is 10000100110100110000100101100 + 11?
10000100110100110000100101111
In base 13, what is -73975ab1 + 5?
-73975aa9
In base 15, what is -6d - 3e87be?
-3e883c
In base 16, what is -54708a8 + -5?
-54708ad
In base 9, what is -10258220 - 60?
-10258280
In base 6, what is 2522225 + 24401?
2551030
In base 4, what is -232012 + -110223111?
-111121123
In base 16, what is -1d8eee + 3?
-1d8eeb
In base 16, what is -86 + 8a3?
81d
In base 15, what is -821 - -1d447?
1cb26
In base 9, what is 2 - -76317?
76320
In base 12, what is -29 + -1b4552?
-1b457b
In base 16, what is 40 - 42aa?
-426a
In base 15, what is 326011 + -31?
325ed0
In base 10, what is 4 - -750980?
750984
In base 5, what is -1100 + -423112142?
-423113242
In base 8, what is -2 + -15442164?
-15442166
In base 7, what is 22 + 3051054?
3051106
In base 10, what is -12 - -605612?
605600
In base 10, what is -59662 - 12?
-59674
In base 13, what is 0 - 7ba8245?
-7ba8245
In base 7, what is -10365320 + 55?
-10365232
In base 6, what is -113222044 - -5?
-113222035
In base 4, what is -20203103213110 + -2?
-20203103213112
In base 16, what is 2617 + 177d?
3d94
In base 6, what is 1 - 22015300?
-22015255
In base 14, what is -b - -879933?
879926
In base 2, what is 100000000110101010011011 + -10?
100000000110101010011001
In base 3, what is -1001 - -2212200221?
2212122220
In base 2, what is 10111011 + -1110010010010011?
-1110001111011000
In base 15, what is 25e4 - -6034?
8628
In base 7, what is -16610 - -26420?
6510
In base 10, what is 3 + 20837760?
20837763
In base 12, what is 160a - 57?
1573
In base 5, what is -1141412 - -21303?
-1120104
In base 9, what is 1701088055 - -3?
1701088058
In base 12, what is -35235067 + -4?
-3523506b
In base 3, what is -1020121 - 12111022?
-20201220
In base 5, what is -1302 - 141324112?
-141330414
In base 7, what is 2 + 213604160?
213604162
In base 6, what is 25455 - -53234?
123133
In base 2, what is -1011101010001011010110111 + -100?
-1011101010001011010111011
In base 10, what is 17418 - -12101?
29519
In base 7, what is -256 - -13560656?
13560400
In base 7, what is 64123115 + 26?
64123144
In base 15, what is -11789ce + -16?
-11789e5
In base 2, what is 100101010 - 110001110001100011100?
-110001110000111110010
In base 9, what is 6 - -1677775?
1677782
In base 4, what is -2012031120 + 3?
-2012031111
In base 6, what is -145351051 - 103?
-145351154
In base 16, what is -12ef - 15d6?
-28c5
In base 16, what is -2 + 4306eaf?
4306ead
In base 3, what is -100012112 - -21011?
-22221101
In base 10, what is -983 - -12587?
11604
In base 16, what is 1 + -11aaa978?
-11aaa977
In base 10, what is -18856 + -727?
-19583
In base 13, what is -1 + 49c711?
49c710
In base 11, what is -1960 + 7873?
5a13
In base 13, what is -148770 + 181?
-1485bc
In base 14, what is 6990 - -255?
6c05
In base 7, what is -204012 + -13463?
-220505
In base 9, what is 157 - -40206?
40364
In base 12, what is 443a1b0 - 5?
443a1a7
In base 15, what is -2b - -221a37?
221a0b
In base 12, what is -5 - 1713bba?
-1714003
In base 14, what is 314 + -1cc92?
-1c97c
In base 5, what is 10411014 - 12323?
10343141
In base 3, what is 111012 + -110001102102?
-110000221020
In base 5, what is -10 + -14343422312?
-14343422322
In base 2, what is -11110010100100010010 + 1001100?
-11110010100011000110
In base 11, what is -2 + 12a13486?
12a13484
In base 7, what is -2335 - -10636626?
10634261
In base 4, what is -2111 + 30202120?
30200003
In base 10, what is 3 - 2771260?
-2771257
In base 3, what is -1 + 10220012222001?
10220012222000
In base 3, what is -201 + 2122112200200?
2122112122222
In base 5, what is 1403431021 + 41?
1403431112
In base 16, what is e188 - -9e?
e226
In base 5, what is 33334202240 + 2?
33334202242
In base 2, what is 1010000010001000101001 - 1110?
1010000010001000011011
In base 7, what is 304 + -2401633?
-2401326
In base 14, what is 1209 + 28373?
2957c
In base 9, what is 3160 - -1132247?
1135417
In base 10, what is 590352 - -23?
590375
In base 15, what is -1b + -4b1cd?
-4b1e9
In base 14, what is -624d - -238?
-6015
In base 2, what is -10011111110011000 - 1011000?
-10011111111110000
In base 2, what is 1010001010111100111 + -10001?
1010001010111010110
In base 2, what is 10011100010 + -1101010011111100110?
-1101010001100000100
In base 14, what is -4 - bbabc?
-bbac2
In base 16, what is -1 + -18db84?
-18db85
In base 6, what is 11 + 1453532240?
1453532251
In base 14, what is -1b71bab - 25?
-1b71bd2
In base 4, what is 131020 - -2012231?
2203311
In base 9, what is -7 - 11003763?
-11003771
In base 4, what is 11 - -113233113130131?
113233113130202
In base 14, what is 1 - 206658?
-206657
In base 12, what is -303b - 34956?
-37995
In base 6, what is 14412531323 - 4?
14412531315
In base 5, what is -132 - -11313442?
11313310
In base 5, what is -34240030 + 0?
-34240030
In base 13, what is 20 + 3b6bc9?
3b6c19
In base 7, what is -504441 - 465?
-505236
In base 15, what is 7d + 6bcd?
6c5b
In base 9, what is -1416 - 7818?
-10335
In base 7, what is -205152 + 255?
-204564
In base 14, what is 24d48 + 33?
24d7b
In base 9, what is 8 - -102682082?
102682101
In base 5, what is 3003211323 + 410?
3003212233
In base 16, what is -9 - -22d32?
22d29
In base 16, what is c - 12d1339?
-12d132d
In base 8, what is 2 + 144551531?
144551533
In base 13, what is 41 + 569ab?
56a1c
In base 13, what is c2a1c7 - -6?
c2a200
In base 6, what is -1 + 322255000?
322254555
In base 4, what is -10332122201 - 10?
-10332122211
In base 6, what is 1 - 21553145?
-21553144
In base 11, what is -33 - 164959?
-164991
In base 15, what is -2 - -433e2a?
433e28
In base 14, what is 1768 + -742d?
-5aa5
In base 10, what is 170984 - -171?
171155
In base 3, what is -111 + 100011001201?
100011001020
In base 13, what is 5ba0 + -4a?
5b53
In base 6, what is 13340 - 225?
13111
In base 15, what is 35aaa + 2b?
35ad6
In base 7, what is -4442 + -10520?
-15262
In base 13, what is -2 + 821b2c?
821b2a
In base 2, what is -100 - -11000001000100110111111001000?
11000001000100110111111000100
In base 9, wh